me factors of c.
2, 5
Let c(l) = -l**3 - 5*l**2 + 6*l + 7. Let p be c(-6). Suppose 0 = -z + 4*h - 6, -5*z - 80 = 7*h - 2*h. List the prime factors of (z/p)/((-2)/4).
2
Let h be 1*3*(-16)/(-12). Suppose 23 = 4*l - 3*l + c, 124 = h*l - 4*c. List the prime factors of l.
3
Suppose -3*l - 61 = 5*f, -3*l + 2*l - 39 = 3*f. Let t = f + 26. Let a = 26 - t. What are the prime factors of a?
2, 7
Suppose -16*a + 2*a + 2520 = 0. List the prime factors of a.
2, 3, 5
Let t = -28 - -114. List the prime factors of t.
2, 43
Let b = -164 - -272. List the prime factors of b.
2, 3
Let t = -75 - -31. Let i = -22 - t. List the prime factors of i.
2, 11
Let g(i) = 3*i + 14. Let q(a) = a + 5. Let b = 15 + -4. Let d(m) = b*q(m) - 4*g(m). What are the prime factors of d(-9)?
2
Let c be (-3)/3 + -1 + 4. Let m(z) = 10 + 2*z**2 + z**c - 3*z**2 + 8*z - z**2. What are the prime factors of m(8)?
2, 5
Suppose 5*l - 7*h = -3*h + 12, -2*h + 16 = 3*l. Suppose -l*i = -i - 18. Suppose i = 2*x - x. What are the prime factors of x?
2, 3
Let u(y) = y**2 - 4*y - 5. Let b be (-4)/10 + (-27)/(-5). Let v be u(b). Suppose v*j + 2*j = 8. What are the prime factors of j?
2
Suppose -4*v = -g + 5, -2*v - g = g. Suppose k - y - 3 = 0, k + 3 + 4 = -y. What are the prime factors of (37 + -1)*v/k?
2, 3
Suppose -4*h = -2*h - 136. List the prime factors of h.
2, 17
Let n(a) = -a - 6. Let u be n(5). Let c = u + 32. Suppose -c = -4*o - 1. List the prime factors of o.
5
Let o(q) = -q**3 - 6*q**2 - 2*q - 9. Let w be o(-6). Let b = w - 3. Suppose b = -5*f + 2 + 28. What are the prime factors of f?
2, 3
Let b(n) = 19*n + 1. Let t be b(1). Let z = 34 - t. Let x = -9 + z. List the prime factors of x.
5
Let t = -37 - -104. What are the prime factors of t?
67
Let k be (-3)/((-12)/20*1). Suppose 92 = 5*z - 18. Suppose -k*j = -z - 3. List the prime factors of j.
5
Let f = -46 - -69. List the prime factors of f.
23
List the prime factors of 96 + (-3)/1 - (-2 + 0).
5, 19
Suppose -11*y + 6*y = -330. What are the prime factors of y?
2, 3, 11
Let f be 32/5 - 8/20. Suppose 2*k - f = -k. Suppose -j = -16 + k. What are the prime factors of j?
2, 7
Suppose 5*u = -69 + 344. What are the prime factors of u?
5, 11
Let n(j) = 6*j + 48. List the prime factors of n(7).
2, 3, 5
Let a(v) = v**2 - 6*v + 4. Suppose -28 = -4*t - 4*g, 56 - 22 = 5*t + 4*g. What are the prime factors of a(t)?
2
Let i = 692 + -454. List the prime factors of i.
2, 7, 17
Suppose 127 = 2*j + h, 5*j + 3*h - 316 = -h. List the prime factors of j.
2
Let l(r) = r**3 - r**2 + r - 6. Let j be l(0). Let h(g) = g**3 + 6*g**2 + 8. Let c be h(j). List the prime factors of 4/(-5)*(-20)/c.
2
Let u be -3 + 3 - (-5 + 1). Suppose u + 216 = 5*j. List the prime factors of j.
2, 11
Let x(u) = -u**3 + 3. Let y be x(0). Suppose -6*j + 90 = -y*j. What are the prime factors of j?
2, 3, 5
Let b = -66 + 45. Let x = -8 - b. Let d = -3 + x. List the prime factors of d.
2, 5
Let y = 19 + -16. What are the prime factors of y?
3
Suppose 0 = -4*f - 1 + 9. Suppose -f*v + 2 = 6. List the prime factors of (0 + v)/((-3)/6).
2
Suppose 4*r = 44 + 60. Let o = 44 - r. What are the prime factors of o?
2, 3
Suppose 0 = -5*k + 946 + 514. What are the prime factors of k?
2, 73
Let l(w) = 21*w - 14. What are the prime factors of l(4)?
2, 5, 7
Suppose 2*i - 79 - 5 = 0. List the prime factors of i.
2, 3, 7
Suppose j - v - 2*v = -10, -20 = -2*j - 2*v. List the prime factors of j.
5
Let m(g) = -g - 3. Let u be m(-3). What are the prime factors of (-11)/((-3)/(u - -3))?
11
Let c(g) = -g**3 - 4*g**2 - 5*g - 3. Let r be (-66)/24 + (-2)/8. Let h be c(r). Suppose -14 - 10 = -h*n. List the prime factors of n.
2
Let a(c) = c**2 + 2. Let y be a(-2). Let u = y - -2. List the prime factors of u.
2
Let f(n) = 4*n - 2. Let b be f(4). Let d = -3 + b. What are the prime factors of d?
11
Suppose -3*a = -12, 4*w - 3*a = -a - 24. Let c = w - -9. Suppose o + 20 = 5*o + 2*h, -c*h + 10 = 0. List the prime factors of o.
2
Suppose 4*l + 0*l = 180. Suppose -6*r + l = -3*r. Let f = 26 - r. What are the prime factors of f?
11
Let g(y) = -y**2 - 4*y + 9. Let n be g(-5). Suppose -2 = -3*z + n. List the prime factors of z.
2
Suppose 5*b + 20 = 0, 4*b + 3112 = -3*j + 7*j. List the prime factors of j/14 + 6/(-21).
5, 11
Let p(s) = -s - 1. Let z(t) = 38*t + 5. Let i(x) = -4*p(x) - z(x). Let w be i(-1). Suppose 4*m = m + w. List the prime factors of m.
11
Suppose 4*x - 2 = -2*q, 0 = -x - 4*q - q + 23. Let b be 12/(-10)*5/x. Suppose r - 16 = -b*r. What are the prime factors of r?
2
Let s be 3*1/3*-1. Let y = 6 - s. What are the prime factors of y?
7
List the prime factors of (1 - (-2 - -6)) + 84.
3
Let i(b) be the third derivative of -b**7/1260 - b**6/720 - b**5/60 - b**2. Let j(w) be the third derivative of i(w). List the prime factors of j(-1).
3
Suppose 0*p + n = 4*p - 39, 0 = -5*p + n + 49. Suppose -2*g = -p - 6. What are the prime factors of g?
2
Let a = 173 + -95. List the prime factors of a.
2, 3, 13
Suppose 23 - 7 = 4*w. Let b(f) = f**3 - 2*f**2 - 4*f + 1. What are the prime factors of b(w)?
17
Suppose 5*z - 13 = -w, 0 = -5*z + 3*w + w - 2. What are the prime factors of 23/(-1 - -2) + z?
5
Let h(d) = -d**3 + 8*d**2 - 8*d - 5. Let o be h(6). Let i = 31 - o. Suppose 4*m = 4*l - i, -l + 0*l = 2*m. List the prime factors of l.
2
Let p(i) = i**2 + i. Let f be p(-1). Suppose 0 = k - 5*k, f = -4*h - k + 16. What are the prime factors of (2/(-3))/(h/(-90))?
3, 5
Let p be 6/(-27) - (-168)/27. What are the prime factors of p/((-5)/(220/(-8)))?
3, 11
Let s be -1*(-2 + 2) + 3. Suppose -2*j + 125 = s*j. What are the prime factors of j?
5
Let z(w) = -w + 5. Let h be z(-5). Suppose 0 = 3*v + y, -2*y - h = -v + y. Suppose -u = v - 6. What are the prime factors of u?
5
Let u = -14 - 1. Let b = -10 - u. List the prime factors of (3 + (-24)/b)*-5.
3
Suppose -3*l + 189 = w, -l - 4*w + 198 = 2*l. List the prime factors of l.
2, 31
Suppose 0 = -5*u - 5*p + 5, 5*p + 29 - 9 = 0. Let k = -100 - -142. Suppose -u*b = -k - 3. List the prime factors of b.
3
List the prime factors of 5*2*(-3)/(-2).
3, 5
Let c be 2/(-3)*(-9)/6. Let v be c/(16/14 + -1). Suppose 1 = g + 2*b, -4*g = 4*b - v - 1. What are the prime factors of g?
3
Suppose -4*o + 218 = -6. List the prime factors of (-36)/(-7)*o/12.
2, 3
Let n = 0 + -2. Let r(f) = -f. List the prime factors of r(n).
2
Let k = -5 - -43. What are the prime factors of k?
2, 19
Suppose 3*a - 23 - 31 = 0. List the prime factors of a.
2, 3
Suppose -63 + 560 = 7*r. What are the prime factors of r?
71
What are the prime factors of 1/(532/(-178) - -3)?
89
Suppose 0 = 3*i - 14 - 1. Suppose 0 = -2*p - 3*d + 17, -3*p - 2*d = 17 - 45. Let r = p - i. What are the prime factors of r?
5
Let p(g) = 2 + 0*g + 2*g - 1 + 0*g. List the prime factors of p(8).
17
Let a = -19 - -16. List the prime factors of 26*(a + -1)/(-4).
2, 13
Let o = 17 + -26. Let s = 16 - o. What are the prime factors of s?
5
Let p(t) = 28*t**2 - 3*t + 5. Let k(w) = 42*w**2 - 4*w + 7. Let o(g) = 5*k(g) - 7*p(g). Let r(a) = a - 8. Let j be r(7). List the prime factors of o(j).
13
Let h(q) = q**2 - 6*q + 1. Let k be h(8). Suppose -k = 4*m + 3. Let f(d) = -2*d + 2. What are the prime factors of f(m)?
2, 3
Let c(x) = -11*x**3 + x**2 - 14*x + 14. Let n(y) = -4*y**3 - 5*y + 5. Let h(d) = 3*c(d) - 8*n(d). Let o be h(2). List the prime factors of o/10 + (-24)/(-5).
5
Suppose 8 = -3*b + b. What are the prime factors of (30/(-9))/(b/6)?
5
Let w = 128 - 28. Suppose -w = -6*z + z. What are the prime factors of z?
2, 5
Let g = 4 + -7. Let b = -4 + g. Let m = b - -17. What are the prime factors of m?
2, 5
Let z(p) = p + 16. Let g(x) = x + 17. Let b(m) = 2*g(m) - 3*z(m). Let l be b(-11). What are the prime factors of (l/(-2))/((-18)/(-96))?
2
Let v(z) = -21*z - 5. List the prime factors of v(-4).
79
Let x be 2 + 1 + (-4 - -5). Let a be 3/(-6) + 2/x. Suppose a = y - 0 - 2. List the prime factors of y.
2
Let s = 12 - 23. Let f = 21 - s. What are the prime factors of f?
2
List the prime factors of 1757/8 - 84/(-224).
2, 5, 11
Let i(k) = k**2 + 8*k + 7. Let t be i(-7). Let d = t - -5. List the prime factors of d.
5
Suppose 4*t + 2*b - 28 = 0, -2*t + 10 = -4*b - 4. Suppose 5*q + 2*j + 3*j - 5 = 0, 2*j - 6 = -4*q. Suppose 1 + t = q*s. What are the prime factors of s?
2
Suppose